mine o(57).
-83
Let l(c) = -55019*c - 935338. Determine l(-17).
-15
Let n(y) = 2691*y - 30884. What is n(12)?
1408
Let l(h) = 3*h**2 + 1050*h + 14195. What is l(-336)?
83
Let m(o) = 60*o**2 - 1121*o + 7793. Determine m(7).
2886
Let y(q) = 677*q**3 + 7*q**2 - 72*q + 66. What is y(1)?
678
Let r(q) = 67*q**2 + 7503*q + 100. Determine r(-112).
212
Let w(s) = -1664*s**2 - 6705*s - 205. What is w(-4)?
-9
Let z(k) = -2*k**3 - 40*k**2 + 380*k + 63. Determine z(-27).
9
Let l(j) = 6*j**3 - 739*j**2 + 130*j + 1549. Determine l(123).
2410
Let z(l) = -2*l**2 - 857923*l - 8579042. Calculate z(-10).
-12
Let i(v) = -4*v**2 + 1242*v - 3087. Give i(308).
-7
Let d(m) = 2*m**3 - 41*m**2 + 7*m + 31. Give d(0).
31
Let q(y) = 1213*y - 10731. Calculate q(8).
-1027
Let z(r) = 5*r**2 + 3746*r - 276958. What is z(-817)?
5
Let j(z) = -3765*z - 19559. Calculate j(-5).
-734
Let z(y) = 3706*y + 29655. Determine z(-8).
7
Let q(w) = -824*w - 1770. Determine q(-4).
1526
Let q(t) = -786*t - 25809. Calculate q(-33).
129
Let l(k) = 6*k**3 + 1577*k**2 - 254*k + 2380. Determine l(-263).
13
Let d(j) = 13612*j + 13579. Calculate d(-1).
-33
Let k(z) = 1195*z - 81290. Determine k(68).
-30
Let q(t) = t**2 + 59135*t - 17591573. Calculate q(296).
3
Let a(g) = 219*g - 729. Determine a(1).
-510
Let q(a) = 17*a**3 - 3*a**2 + 335*a - 1359. Give q(4).
1021
Let l(d) = 209*d**3 - 1469*d**2 + 50*d - 8. Determine l(7).
48
Let y(g) = 4833*g - 5126. Give y(1).
-293
Let o(l) = -110124*l + 130. Determine o(0).
130
Let h(b) = -54*b**2 - 43388*b + 22540. Calculate h(-804).
28
Let w(y) = y**2 + 425*y + 8861. Give w(-22).
-5
Let a(k) = 603*k - 84395. Calculate a(140).
25
Let a(d) = -d**3 + 1135*d**2 - 15706*d + 170. Determine a(14).
2
Let j(b) = 779*b + 65581. What is j(-83)?
924
Let x(p) = 63*p**2 - 1112*p - 10918. What is x(-7)?
-47
Let o(q) = q**2 - 38*q + 2174. Calculate o(57).
3257
Let o(u) = 55*u**3 - 5*u**2 + 14*u - 13. Determine o(2).
435
Let l(d) = d**3 + 11*d**2 - 91*d + 275. Give l(0).
275
Let z(q) = 20*q**2 + 833*q - 1146. Calculate z(-43).
15
Let q(c) = -c**2 + 27193*c + 54386. What is q(-2)?
-4
Let x(a) = 159*a - 4515. Determine x(28).
-63
Let k(n) = -2166*n**2 + 4317*n - 11. What is k(2)?
-41
Let v(n) = n**3 - 360*n**2 - 3077*n + 49002. Determine v(368).
58
Let n(x) = -680*x + 108880. Determine n(160).
80
Let c(g) = -70054*g - 420332. Calculate c(-6).
-8
Let k(n) = 2532*n**2 + 20*n - 20. Give k(1).
2532
Let d(n) = -5*n**2 - 678*n - 12443. What is d(-21)?
-410
Let k(s) = 81*s**2 + 17*s + 5. Calculate k(3).
785
Let j(k) = 27342*k - 1777237. What is j(65)?
-7
Let a(o) = -o**2 - 3409913*o - 10229748. Determine a(-3).
-18
Let f(j) = -58*j**2 - 4526*j + 52. Calculate f(-78).
208
Let w(v) = 53059*v - 1379529. Calculate w(26).
5
Let p(b) = 9*b**2 + 15091*b + 1707155. Determine p(-122).
9
Let t(b) = 7*b**2 - 641*b - 1954. Give t(95).
326
Let z(c) = 15*c**3 + 482*c**2 + 402*c + 10959. Give z(-32).
143
Let h(x) = 8*x**3 - 3*x**2 - 78*x + 81. Determine h(1).
8
Let l(g) = -g**2 + 8988*g - 535685. Determine l(60).
-5
Let u(v) = 4*v**2 - 5961*v + 11903. Give u(2).
-3
Let v(q) = 2*q**3 - 256*q**2 - 1893*q + 207. Calculate v(135).
-198
Let i(n) = n**3 - 200*n**2 + 387*n + 1652. Determine i(198).
-130
Let o(y) = 11*y**3 - 905*y**2 + 264*y - 1379. Calculate o(82).
97
Let n(p) = 8*p**2 - 8273*p + 32957. Determine n(4).
-7
Let h(d) = 2*d**2 - 65*d + 272. What is h(5)?
-3
Let b(v) = 2*v**3 - 350*v**2 + 13063*v + 269. Calculate b(54).
-1
Let l(z) = 32*z - 1534. What is l(-23)?
-2270
Let k(n) = -19811*n - 59405. What is k(-3)?
28
Let f(r) = 2*r**3 - 201*r**2 - 4674*r - 716. Calculate f(120).
4
Let r(y) = 312*y**2 + 49920*y + 196. Give r(-160).
196
Let h(a) = -a**3 + 50*a**2 + 847*a - 46429. What is h(47)?
7
Let p(w) = 7693*w + 2561775. Determine p(-333).
6
Let m(q) = 5*q**2 + 269*q - 5703. Determine m(17).
315
Let b(r) = 32*r**2 - 132*r - 1212. Give b(-6).
732
Let t(w) = -w**3 + 19*w**2 + 99*w - 200. Determine t(22).
526
Let f(g) = -365*g + 2940. Determine f(8).
20
Let t(p) = p**3 - 49*p**2 - 47*p - 461. Give t(50).
-311
Let x(o) = 16*o**2 - 685*o + 372. Give x(42).
-174
Let l(p) = p**3 + 27*p**2 - 159*p - 2486. What is l(-8)?
2
Let i(k) = 7422*k - 415702. Determine i(56).
-70
Let s(x) = -459*x - 163912. Determine s(-359).
869
Let r(g) = g**2 - 2272*g - 11396. Determine r(-5).
-11
Let d(w) = -17113*w - 15299020. Calculate d(-894).
2
Let w(z) = -8*z**3 + 170*z**2 + 14233*z - 299774. Determine w(21).
1
Let w(y) = -67*y + 3663. What is w(37)?
1184
Let c(l) = 4*l**3 + 105*l**2 + 633*l - 174. Calculate c(-16).
194
Let n(l) = -l**3 - 48*l**2 + 137*l - 2353. Determine n(-51).
-1537
Let g(t) = -628386*t + 1885175. Determine g(3).
17
Let m(h) = 792*h + 969. Calculate m(-2).
-615
Let s(g) = -1604*g**2 - 137942*g + 133. What is s(-86)?
-39
Let z(k) = 18*k**2 + 2168*k + 1782. Calculate z(-120).
822
Let s(p) = 155699*p + 311394. What is s(-2)?
-4
Let d(t) = 66*t**2 - 354*t - 1077. What is d(-3)?
579
Let v(x) = 757*x + 35593. What is v(-47)?
14
Let w(g) = 15262*g + 45837. Determine w(-3).
51
Let h(y) = -27*y**2 - 367*y + 35340. What is h(30)?
30
Let s(a) = -4*a**3 - 173*a**2 - 192*a + 138. Determine s(-42).
-618
Let w(l) = -l**2 - 129*l + 5871. Determine w(35).
131
Let g(x) = -1165*x + 6373. What is g(6)?
-617
Let i(s) = 2*s**3 - 30*s**2 - 10974*s - 53869. What is i(-5)?
1
Let n(t) = 3010*t - 23646. Give n(8).
434
Let y(k) = k**2 + 240*k - 17027. Give y(63).
2062
Let l(d) = -860055*d + 1720105. Determine l(2).
-5
Let s(w) = -2*w - 388. Determine s(-1).
-386
Let j(r) = -1374*r - 79970. Give j(-59).
1096
Let v(t) = -121953*t + 853656. Calculate v(7).
-15
Let t(u) = 2*u**3 - 87*u**2 + 55*u - 3886. What is t(44)?
470
Let a(i) = -i**3 - 505*i**2 + 30747*i - 29646. What is a(-560)?
34
Let r(b) = -b**2 + 1119*b - 104656. Calculate r(103).
-8
Let w(t) = -17*t**2 - 136*t + 236. Determine w(-9).
83
Let h(y) = y**3 + 12*y**2 - 75*y - 102. Give h(-20).
-1802
Let s(o) = -o**3 + 9*o**2 + 28*o - 125. Give s(5).
115
Let u(c) = -c**3 - 22*c**2 + 624*c + 38. Give u(0).
38
Let d(m) = -2*m**2 + 185*m - 3198. What is d(23)?
-1
Let g(n) = -14440*n - 1906146. What is g(-132)?
-66
Let p(v) = -513*v + 53045. What is p(104)?
-307
Let t(c) = 728*c + 35646. Calculate t(-49).
-26
Let u(v) = v**3 - 2*v**2 + 167*v + 1565. What is u(-8)?
-411
Let b(x) = -4*x**3 - 10*x**2 + 348*x + 2496. Calculate b(-7).
942
Let z(y) = 17*y**2 - 10977*y - 126137. What is z(657)?
7
Let i(y) = -y**2 - 656*y - 11613. What is i(-18)?
-129
Let h(l) = -244*l + 19747. Give h(81).
-17
Let d(b) = -560*b + 3. Calculate d(0).
3
Let j(n) = 267*n**2 + 109202*n - 266. Calculate j(-409).
143
Let d(o) = o**3 + 446*o**2 + 3137*o + 395. What is d(-7)?
-53
Let l(i) = 145*i + 712. Give l(3).
1147
Let x(i) = 2305*i - 3176. Determine x(1).
-871
Let i(t) = -3671*t + 6932. Calculate i(2).
-410
Let i(m) = 3179*m + 6369. Determine i(-2).
11
Let t(l) = 1266*l**2 - 10324*l - 14. Give t(8).
-1582
Let w(a) = 5*a**3 - a**2 - 30*a + 105. Determine w(3).
141
Let l(i) = 3*i**3 - 49*i**2 - 2*i - 495. Determine l(19).
2355
Let p(y) = 8*y**2 - 6*y + 22. Give p(-8).
582
Let b(p) = -10982*p - 92566. Determine b(-9).
6272
Let m(w) = 103*w + 8294. What is m(-78)?
260
Let y(z) = 12270*z - 12289. Calculate y(1).
-19
Let s(a) = a**3 + 114*a**2 + 2411*a + 202. Determine s(-86).
-56
Let u(c) = -13*c**3 - 26*c**2 - 59*c + 3. What is u(-3)?
297
Let a(l) = 22*l**3 - 215*l**2 + 363*l - 1857. Give a(9).
33
Let p(h) = -h**3 + 34*h**2 - 169*h + 7098. What is p(35)?
-42
Let s(g) = g**3 - 5*g**2 - 15*g - 197. Give s(9).
-8
Let c(l) = -2041*l + 55099. What is c(27)?
-8
Let l(p) = -5*p**3 - 200*p**2 - 43*p - 1590. Give l(-40).
130
Let y(m) = -138*m**3 + 1242*m**2 - 51*m + 462. Give y(9).
3
Let f(p) = -26*p**2 + 7720*p + 630. Determine f(297).
36
Let n(s) = 14*s**2 - 1407*s - 412. Calculate n(101).
295
Let p(r) = 119*r**2 - 32370*r + 64740. Determine p(2).
476
Let l(p) = 111*p**2 + 14491*p + 108844. What is l(-8)?
20
Let a(d) = 35997*d + 107974. Calculate a(-3).
-17
Let i(f) = 8*f**3 + 11*f**2 + 37*f + 103. Calculate i(-4).
-381
Let i(h) = -h**3 + 98*h**2 - 1961*h - 6. Calculate i(70).
-76
Let q(d) = d**3 - 49*d**2 - 1485*d - 7948. Give q(-15).
-73
Let n(x) = 584*x - 307225. What is n(526)?
-41
Let m(t) = -247409*t - 8164496. De